{"id":256,"date":"2023-04-16T14:45:09","date_gmt":"2023-04-16T14:45:09","guid":{"rendered":"https:\/\/www.black-hill.cz\/?page_id=256"},"modified":"2023-04-17T14:11:21","modified_gmt":"2023-04-17T14:11:21","slug":"accommodations","status":"publish","type":"page","link":"https:\/\/www.black-hill.cz\/?page_id=256","title":{"rendered":"Apartm\u00e1ny"},"content":{"rendered":"<p>[et_pb_section fb_built=&#8220;1&#8243; _builder_version=&#8220;4.16&#8243; global_colors_info=&#8220;{}&#8220;][et_pb_row _builder_version=&#8220;4.20.2&#8243; _module_preset=&#8220;default&#8220; global_colors_info=&#8220;{}&#8220;][et_pb_column type=&#8220;4_4&#8243; _builder_version=&#8220;4.20.2&#8243; _module_preset=&#8220;default&#8220; global_colors_info=&#8220;{}&#8220;][et_pb_text _builder_version=&#8220;4.20.2&#8243; _module_preset=&#8220;7429cfe6-92c3-4796-bd04-0f4ceacb1001&#8243; global_colors_info=&#8220;{}&#8220;]<\/p>\n<h1>Apartm\u00e1ny<\/h1>\n<p>[\/et_pb_text][\/et_pb_column][\/et_pb_row][et_pb_row column_structure=&#8220;1_3,1_3,1_3&#8243; _builder_version=&#8220;4.20.2&#8243; _module_preset=&#8220;default&#8220; global_colors_info=&#8220;{}&#8220;][et_pb_column type=&#8220;1_3&#8243; _builder_version=&#8220;4.20.2&#8243; _module_preset=&#8220;default&#8220; global_colors_info=&#8220;{}&#8220;][mphb-divi-single-accommodation id=&#8220;268&#8243; gallery=&#8220;off&#8220; details=&#8220;off&#8220; _builder_version=&#8220;4.20.2&#8243; _module_preset=&#8220;default&#8220; global_colors_info=&#8220;{}&#8220;][\/mphb-divi-single-accommodation][\/et_pb_column][et_pb_column type=&#8220;1_3&#8243; _builder_version=&#8220;4.20.2&#8243; _module_preset=&#8220;default&#8220; global_colors_info=&#8220;{}&#8220;][mphb-divi-single-accommodation id=&#8220;286&#8243; gallery=&#8220;off&#8220; details=&#8220;off&#8220; _builder_version=&#8220;4.20.2&#8243; _module_preset=&#8220;default&#8220; global_colors_info=&#8220;{}&#8220;][\/mphb-divi-single-accommodation][\/et_pb_column][et_pb_column type=&#8220;1_3&#8243; _builder_version=&#8220;4.20.2&#8243; _module_preset=&#8220;default&#8220; global_colors_info=&#8220;{}&#8220;][mphb-divi-single-accommodation id=&#8220;365&#8243; gallery=&#8220;off&#8220; details=&#8220;off&#8220; _builder_version=&#8220;4.20.2&#8243; _module_preset=&#8220;default&#8220; global_colors_info=&#8220;{}&#8220;][\/mphb-divi-single-accommodation][\/et_pb_column][\/et_pb_row][\/et_pb_section]<\/p>\n","protected":false},"excerpt":{"rendered":"<p>Apartm\u00e1ny<div class=\"et_pb_module mphb-divi-single-accommodation mphb-divi-single-accommodation_0\">\n\t\t\t\t\n\t\t\t\t\n\t\t\t\t\n\t\t\t\t\n\t\t\t\t\n\t\t\t\t\n\t\t\t\t<div class=\"et_pb_module_inner\">\n\t\t\t\t\t<div class=\"mphb_sc_room-wrapper \"><div class=\"mphb-room-type post-268 mphb_room_type type-mphb_room_type status-publish has-post-thumbnail mphb_room_type_facility-elektricke-venkovni-zaluzie mphb_room_type_facility-fen-na-vlasy mphb_room_type_facility-kavovar-a-kapsle mphb_room_type_facility-kuchyn mphb_room_type_facility-lednice mphb_room_type_facility-mikrovlnna-trouba mphb_room_type_facility-mraznicka mphb_room_type_facility-rychlovarna-konvice mphb_room_type_facility-toustovac mphb_room_type_facility-tv mphb_room_type_facility-wifi mphb-room-type-adults-4 mphb-room-type-children-3 \">\n\n\t\n\t\n\n\t<p class=\"post-thumbnail mphb-loop-room-thumbnail\">\n\t<a href=\"https:\/\/www.black-hill.cz\/?mphb_room_type=apartman\">\n\t<img width=\"2000\" height=\"1333\" src=\"https:\/\/www.black-hill.cz\/wp-content\/uploads\/2023\/06\/Apt4-web-DSC_0205.jpg\" class=\"attachment-post-thumbnail size-post-thumbnail wp-post-image\" alt=\"\" decoding=\"async\" loading=\"lazy\" srcset=\"https:\/\/www.black-hill.cz\/wp-content\/uploads\/2023\/06\/Apt4-web-DSC_0205.jpg 2000w, https:\/\/www.black-hill.cz\/wp-content\/uploads\/2023\/06\/Apt4-web-DSC_0205-1280x853.jpg 1280w, https:\/\/www.black-hill.cz\/wp-content\/uploads\/2023\/06\/Apt4-web-DSC_0205-980x653.jpg 980w, https:\/\/www.black-hill.cz\/wp-content\/uploads\/2023\/06\/Apt4-web-DSC_0205-480x320.jpg 480w\" sizes=\"auto, (min-width: 0px) and (max-width: 480px) 480px, (min-width: 481px) and (max-width: 980px) 980px, (min-width: 981px) and (max-width: 1280px) 1280px, (min-width: 1281px) 2000px, 100vw\" \/>\t<\/a>\n\n\t<\/p>\n\n<h2 class=\"mphb-room-type-title entry-title\">\n\n<a class=\"mphb-room-type-title\" href=\"https:\/\/www.black-hill.cz\/?mphb_room_type=apartman\">Apartm\u00e1n \u010d.4<\/a>\n\n<\/h2>\n\n<p>Tento apartm\u00e1n se nach\u00e1z\u00ed v p\u0159\u00edzem\u00ed a m\u00e1 dv\u011b odd\u011blen\u00e9 lo\u017enice. Cel\u00fd apartm\u00e1n je nasm\u011brov\u00e1n do zahrady co\u017e zaru\u010duje dostate\u010dn\u00fd klid pro relax. Jedna lo\u017enice je vybavena king-size postel\u00ed a druh\u00e1 lo\u017enice pohodlnou palandou.<\/p>\n\n\n\n<p class=\"mphb-view-details-button-wrapper\">\n<a class=\"button mphb-view-details-button\" href=\"https:\/\/www.black-hill.cz\/?mphb_room_type=apartman\" >Zobrazit v\u00edce<\/a>\n<\/p>\n<div class=\"mphb-to-book-btn-wrapper\">\n<form action=\"https:\/\/www.black-hill.cz\/?mphb_room_type=apartman#booking-form-268\" method=\"get\" ><input type=\"hidden\" name=\"mphb_room_type\" value=\"apartman\" \/><button type=\"submit\" class=\"button mphb-book-button\" >Zarezervovat<\/button><\/form>\n<br\/><\/div>\n\t\n<\/div>\n<\/div>\n\t\t\t\t<\/div>\n\t\t\t<\/div><div class=\"et_pb_module mphb-divi-single-accommodation mphb-divi-single-accommodation_1\">\n\t\t\t\t\n\t\t\t\t\n\t\t\t\t\n\t\t\t\t\n\t\t\t\t\n\t\t\t\t\n\t\t\t\t<div class=\"et_pb_module_inner\">\n\t\t\t\t\t<div class=\"mphb_sc_room-wrapper \"><div class=\"mphb-room-type post-286 mphb_room_type type-mphb_room_type status-publish has-post-thumbnail mphb_room_type_facility-elektricke-venkovni-zaluzie mphb_room_type_facility-fen-na-vlasy mphb_room_type_facility-kavovar-a-kapsle mphb_room_type_facility-kuchyn mphb_room_type_facility-lednice mphb_room_type_facility-mikrovlnna-trouba mphb_room_type_facility-mraznicka mphb_room_type_facility-pracka mphb_room_type_facility-rychlovarna-konvice mphb_room_type_facility-toustovac mphb_room_type_facility-tv mphb_room_type_facility-wifi mphb-room-type-adults-4 mphb-room-type-children-3 \">\n\n\t\n\t\n\n\t<p class=\"post-thumbnail mphb-loop-room-thumbnail\">\n\t<a href=\"https:\/\/www.black-hill.cz\/?mphb_room_type=apartman-c-7\">\n\t<img width=\"2000\" height=\"1333\" src=\"https:\/\/www.black-hill.cz\/wp-content\/uploads\/2023\/06\/Apt7-web-DSC_0047.jpg\" class=\"attachment-post-thumbnail size-post-thumbnail wp-post-image\" alt=\"\" decoding=\"async\" loading=\"lazy\" srcset=\"https:\/\/www.black-hill.cz\/wp-content\/uploads\/2023\/06\/Apt7-web-DSC_0047.jpg 2000w, https:\/\/www.black-hill.cz\/wp-content\/uploads\/2023\/06\/Apt7-web-DSC_0047-1280x853.jpg 1280w, https:\/\/www.black-hill.cz\/wp-content\/uploads\/2023\/06\/Apt7-web-DSC_0047-980x653.jpg 980w, https:\/\/www.black-hill.cz\/wp-content\/uploads\/2023\/06\/Apt7-web-DSC_0047-480x320.jpg 480w\" sizes=\"auto, (min-width: 0px) and (max-width: 480px) 480px, (min-width: 481px) and (max-width: 980px) 980px, (min-width: 981px) and (max-width: 1280px) 1280px, (min-width: 1281px) 2000px, 100vw\" \/>\t<\/a>\n\n\t<\/p>\n\n<h2 class=\"mphb-room-type-title entry-title\">\n\n<a class=\"mphb-room-type-title\" href=\"https:\/\/www.black-hill.cz\/?mphb_room_type=apartman-c-7\">Apartm\u00e1n \u010d.7<\/a>\n\n<\/h2>\n\n<p>Tento apartm\u00e1n se nach\u00e1z\u00ed v pat\u0159e a je dispozi\u010dn\u011b \u0159e\u0161en jako 1+1. Lo\u017enice i kuchy\u0148 jsou dostate\u010dn\u011b velik\u00e9 a tud\u00ed\u017e je mo\u017en\u00e9 vyu\u017e\u00edt kuchy\u0148 jako druhou lo\u017enici. V lo\u017enici je prostorn\u00e1 king size postel a v kuchyni rozkl\u00e1dac\u00ed pohovka, kter\u00e1 je ur\u010dena na ka\u017edodenn\u00ed span\u00ed, tak\u017ee sp\u00e1nek na n\u00ed nebude utrpen\u00edm.<\/p>\n\n\n\n<p class=\"mphb-view-details-button-wrapper\">\n<a class=\"button mphb-view-details-button\" href=\"https:\/\/www.black-hill.cz\/?mphb_room_type=apartman-c-7\" >Zobrazit v\u00edce<\/a>\n<\/p>\n<div class=\"mphb-to-book-btn-wrapper\">\n<form action=\"https:\/\/www.black-hill.cz\/?mphb_room_type=apartman-c-7#booking-form-286\" method=\"get\" ><input type=\"hidden\" name=\"mphb_room_type\" value=\"apartman-c-7\" \/><button type=\"submit\" class=\"button mphb-book-button\" >Zarezervovat<\/button><\/form>\n<br\/><\/div>\n\t\n<\/div>\n<\/div>\n\t\t\t\t<\/div>\n\t\t\t<\/div><div class=\"et_pb_module mphb-divi-single-accommodation mphb-divi-single-accommodation_2\">\n\t\t\t\t\n\t\t\t\t\n\t\t\t\t\n\t\t\t\t\n\t\t\t\t\n\t\t\t\t\n\t\t\t\t<div class=\"et_pb_module_inner\">\n\t\t\t\t\t<div class=\"mphb_sc_room-wrapper \"><div class=\"mphb-room-type post-365 mphb_room_type type-mphb_room_type status-publish has-post-thumbnail mphb_room_type_facility-elektricke-venkovni-zaluzie mphb_room_type_facility-fen-na-vlasy mphb_room_type_facility-kavovar-a-kapsle mphb_room_type_facility-kuchyn mphb_room_type_facility-lednice mphb_room_type_facility-mikrovlnna-trouba mphb_room_type_facility-mraznicka mphb_room_type_facility-pracka mphb_room_type_facility-rychlovarna-konvice mphb_room_type_facility-toustovac mphb_room_type_facility-tv mphb_room_type_facility-wifi mphb-room-type-adults-4 mphb-room-type-children-3 \">\n\n\t\n\t\n\n\t<p class=\"post-thumbnail mphb-loop-room-thumbnail\">\n\t<a href=\"https:\/\/www.black-hill.cz\/?mphb_room_type=apartman-c-8\">\n\t<img width=\"2000\" height=\"1333\" src=\"https:\/\/www.black-hill.cz\/wp-content\/uploads\/2023\/06\/Apt8-web-DSC_0030.jpg\" class=\"attachment-post-thumbnail size-post-thumbnail wp-post-image\" alt=\"\" decoding=\"async\" loading=\"lazy\" srcset=\"https:\/\/www.black-hill.cz\/wp-content\/uploads\/2023\/06\/Apt8-web-DSC_0030.jpg 2000w, https:\/\/www.black-hill.cz\/wp-content\/uploads\/2023\/06\/Apt8-web-DSC_0030-1280x853.jpg 1280w, https:\/\/www.black-hill.cz\/wp-content\/uploads\/2023\/06\/Apt8-web-DSC_0030-980x653.jpg 980w, https:\/\/www.black-hill.cz\/wp-content\/uploads\/2023\/06\/Apt8-web-DSC_0030-480x320.jpg 480w\" sizes=\"auto, (min-width: 0px) and (max-width: 480px) 480px, (min-width: 481px) and (max-width: 980px) 980px, (min-width: 981px) and (max-width: 1280px) 1280px, (min-width: 1281px) 2000px, 100vw\" \/>\t<\/a>\n\n\t<\/p>\n\n<h2 class=\"mphb-room-type-title entry-title\">\n\n<a class=\"mphb-room-type-title\" href=\"https:\/\/www.black-hill.cz\/?mphb_room_type=apartman-c-8\">Apartm\u00e1n \u010d.8<\/a>\n\n<\/h2>\n\n<p>Tento apartm\u00e1n se na ch\u00e1z\u00ed v pat\u0159e a je dispozi\u010dn\u011b \u0159e\u0161en jako 2+1. Jedna z lo\u017enic je vyu\u017e\u00edv\u00e1na jako ob\u00fdvac\u00ed pokoj, kter\u00fd je propojen s kuchyn\u00ed. V lo\u017enici je prostorn\u00e1 king size postel a v kuchyni rozkl\u00e1dac\u00ed pohovka. Z obou pokoj\u016f je kr\u00e1sn\u00fd v\u00fdhled na \u010cernou horu a p\u0159ilehlou \u0159\u00ed\u010dku \u010cist\u00e1.\u00a0<\/p>\n\n\n\n<p class=\"mphb-view-details-button-wrapper\">\n<a class=\"button mphb-view-details-button\" href=\"https:\/\/www.black-hill.cz\/?mphb_room_type=apartman-c-8\" >Zobrazit v\u00edce<\/a>\n<\/p>\n<div class=\"mphb-to-book-btn-wrapper\">\n<form action=\"https:\/\/www.black-hill.cz\/?mphb_room_type=apartman-c-8#booking-form-365\" method=\"get\" ><input type=\"hidden\" name=\"mphb_room_type\" value=\"apartman-c-8\" \/><button type=\"submit\" class=\"button mphb-book-button\" >Zarezervovat<\/button><\/form>\n<br\/><\/div>\n\t\n<\/div>\n<\/div>\n\t\t\t\t<\/div>\n\t\t\t<\/div><\/p>\n","protected":false},"author":1,"featured_media":0,"parent":0,"menu_order":0,"comment_status":"closed","ping_status":"closed","template":"","meta":{"_et_pb_use_builder":"on","_et_pb_old_content":"[mphb_rooms]","_et_gb_content_width":"","footnotes":""},"class_list":["post-256","page","type-page","status-publish","hentry"],"yoast_head":"<!-- This site is optimized with the Yoast SEO plugin v22.8 - https:\/\/yoast.com\/wordpress\/plugins\/seo\/ -->\n<title>Apartm\u00e1ny - black-hill.cz<\/title>\n<meta name=\"robots\" content=\"index, follow, max-snippet:-1, max-image-preview:large, max-video-preview:-1\" \/>\n<link rel=\"canonical\" href=\"https:\/\/www.black-hill.cz\/?page_id=256\" \/>\n<meta property=\"og:locale\" content=\"cs_CZ\" \/>\n<meta property=\"og:type\" content=\"article\" \/>\n<meta property=\"og:title\" content=\"Apartm\u00e1ny - black-hill.cz\" \/>\n<meta property=\"og:url\" content=\"https:\/\/www.black-hill.cz\/?page_id=256\" \/>\n<meta property=\"og:site_name\" content=\"black-hill.cz\" \/>\n<meta property=\"article:modified_time\" content=\"2023-04-17T14:11:21+00:00\" \/>\n<meta name=\"twitter:card\" content=\"summary_large_image\" \/>\n<meta name=\"twitter:label1\" content=\"Odhadovan\u00e1 doba \u010dten\u00ed\" \/>\n\t<meta name=\"twitter:data1\" content=\"1 minuta\" \/>\n<script type=\"application\/ld+json\" class=\"yoast-schema-graph\">{\"@context\":\"https:\/\/schema.org\",\"@graph\":[{\"@type\":\"WebPage\",\"@id\":\"https:\/\/www.black-hill.cz\/?page_id=256\",\"url\":\"https:\/\/www.black-hill.cz\/?page_id=256\",\"name\":\"Apartm\u00e1ny - black-hill.cz\",\"isPartOf\":{\"@id\":\"https:\/\/www.black-hill.cz\/#website\"},\"datePublished\":\"2023-04-16T14:45:09+00:00\",\"dateModified\":\"2023-04-17T14:11:21+00:00\",\"breadcrumb\":{\"@id\":\"https:\/\/www.black-hill.cz\/?page_id=256#breadcrumb\"},\"inLanguage\":\"cs\",\"potentialAction\":[{\"@type\":\"ReadAction\",\"target\":[\"https:\/\/www.black-hill.cz\/?page_id=256\"]}]},{\"@type\":\"BreadcrumbList\",\"@id\":\"https:\/\/www.black-hill.cz\/?page_id=256#breadcrumb\",\"itemListElement\":[{\"@type\":\"ListItem\",\"position\":1,\"name\":\"Home\",\"item\":\"https:\/\/www.black-hill.cz\/\"},{\"@type\":\"ListItem\",\"position\":2,\"name\":\"Apartm\u00e1ny\"}]},{\"@type\":\"WebSite\",\"@id\":\"https:\/\/www.black-hill.cz\/#website\",\"url\":\"https:\/\/www.black-hill.cz\/\",\"name\":\"black-hill.cz\",\"description\":\"Luxusn\u00ed apartm\u00e1ny v \u010cern\u00e9m Dole v Krkono\u0161\u00edch\",\"potentialAction\":[{\"@type\":\"SearchAction\",\"target\":{\"@type\":\"EntryPoint\",\"urlTemplate\":\"https:\/\/www.black-hill.cz\/?s={search_term_string}\"},\"query-input\":\"required name=search_term_string\"}],\"inLanguage\":\"cs\"}]}<\/script>\n<!-- \/ Yoast SEO plugin. -->","yoast_head_json":{"title":"Apartm\u00e1ny - black-hill.cz","robots":{"index":"index","follow":"follow","max-snippet":"max-snippet:-1","max-image-preview":"max-image-preview:large","max-video-preview":"max-video-preview:-1"},"canonical":"https:\/\/www.black-hill.cz\/?page_id=256","og_locale":"cs_CZ","og_type":"article","og_title":"Apartm\u00e1ny - black-hill.cz","og_url":"https:\/\/www.black-hill.cz\/?page_id=256","og_site_name":"black-hill.cz","article_modified_time":"2023-04-17T14:11:21+00:00","twitter_card":"summary_large_image","twitter_misc":{"Odhadovan\u00e1 doba \u010dten\u00ed":"1 minuta"},"schema":{"@context":"https:\/\/schema.org","@graph":[{"@type":"WebPage","@id":"https:\/\/www.black-hill.cz\/?page_id=256","url":"https:\/\/www.black-hill.cz\/?page_id=256","name":"Apartm\u00e1ny - black-hill.cz","isPartOf":{"@id":"https:\/\/www.black-hill.cz\/#website"},"datePublished":"2023-04-16T14:45:09+00:00","dateModified":"2023-04-17T14:11:21+00:00","breadcrumb":{"@id":"https:\/\/www.black-hill.cz\/?page_id=256#breadcrumb"},"inLanguage":"cs","potentialAction":[{"@type":"ReadAction","target":["https:\/\/www.black-hill.cz\/?page_id=256"]}]},{"@type":"BreadcrumbList","@id":"https:\/\/www.black-hill.cz\/?page_id=256#breadcrumb","itemListElement":[{"@type":"ListItem","position":1,"name":"Home","item":"https:\/\/www.black-hill.cz\/"},{"@type":"ListItem","position":2,"name":"Apartm\u00e1ny"}]},{"@type":"WebSite","@id":"https:\/\/www.black-hill.cz\/#website","url":"https:\/\/www.black-hill.cz\/","name":"black-hill.cz","description":"Luxusn\u00ed apartm\u00e1ny v \u010cern\u00e9m Dole v Krkono\u0161\u00edch","potentialAction":[{"@type":"SearchAction","target":{"@type":"EntryPoint","urlTemplate":"https:\/\/www.black-hill.cz\/?s={search_term_string}"},"query-input":"required name=search_term_string"}],"inLanguage":"cs"}]}},"_links":{"self":[{"href":"https:\/\/www.black-hill.cz\/index.php?rest_route=\/wp\/v2\/pages\/256","targetHints":{"allow":["GET"]}}],"collection":[{"href":"https:\/\/www.black-hill.cz\/index.php?rest_route=\/wp\/v2\/pages"}],"about":[{"href":"https:\/\/www.black-hill.cz\/index.php?rest_route=\/wp\/v2\/types\/page"}],"author":[{"embeddable":true,"href":"https:\/\/www.black-hill.cz\/index.php?rest_route=\/wp\/v2\/users\/1"}],"replies":[{"embeddable":true,"href":"https:\/\/www.black-hill.cz\/index.php?rest_route=%2Fwp%2Fv2%2Fcomments&post=256"}],"version-history":[{"count":18,"href":"https:\/\/www.black-hill.cz\/index.php?rest_route=\/wp\/v2\/pages\/256\/revisions"}],"predecessor-version":[{"id":554,"href":"https:\/\/www.black-hill.cz\/index.php?rest_route=\/wp\/v2\/pages\/256\/revisions\/554"}],"wp:attachment":[{"href":"https:\/\/www.black-hill.cz\/index.php?rest_route=%2Fwp%2Fv2%2Fmedia&parent=256"}],"curies":[{"name":"wp","href":"https:\/\/api.w.org\/{rel}","templated":true}]}}