{"id":286,"date":"2023-04-16T15:38:36","date_gmt":"2023-04-16T15:38:36","guid":{"rendered":"https:\/\/www.black-hill.cz\/?post_type=mphb_room_type&#038;p=286"},"modified":"2023-06-07T12:28:40","modified_gmt":"2023-06-07T12:28:40","slug":"apartman-c-7","status":"publish","type":"mphb_room_type","link":"https:\/\/www.black-hill.cz\/?mphb_room_type=apartman-c-7","title":{"rendered":"Apartm\u00e1n \u010d.7"},"content":{"rendered":"<p>Tento apartm\u00e1n se nach\u00e1z\u00ed v pat\u0159e a je dispozi\u010dn\u011b \u0159e\u0161en jako 1+1. Lo\u017enice i kuchy\u0148 jsou dostate\u010dn\u011b velik\u00e9 a tud\u00ed\u017e je mo\u017en\u00e9 vyu\u017e\u00edt kuchy\u0148 jako druhou lo\u017enici. V lo\u017enici je prostorn\u00e1 king size postel a v kuchyni rozkl\u00e1dac\u00ed pohovka, kter\u00e1 je ur\u010dena na ka\u017edodenn\u00ed span\u00ed, tak\u017ee sp\u00e1nek na n\u00ed nebude utrpen\u00edm. Kuchy\u0148 nen\u00ed pr\u016fchoz\u00ed a m\u016f\u017ee b\u00fdt tedy v p\u0159\u00edpad\u011b pot\u0159eby odd\u011blen.<\/p>\n<p>V\u0161echny na\u0161e apartm\u00e1ny jsou vybaveny v\u0161\u00edm, co k pohodln\u00e9mu pobytu pot\u0159ebujete. Poskytujeme l\u016f\u017ekoviny, m\u00fddla, \u0161amp\u00f3ny a f\u00e9ny na vlasy. V kuchyni naleznete n\u00e1dob\u00ed, p\u0159\u00edbory, lednici s mraz\u00edc\u00edm boxem, mikrovlnnou troubu, rychlovarnou konvici, nespresso k\u00e1vovar v\u010detn\u011b k\u00e1vy a toaster. Okna jsou vybavena elektricky stahovateln\u00fdmi p\u0159edokenn\u00edmi roletami na d\u00e1lkov\u00e9 ovl\u00e1d\u00e1n\u00ed. V p\u0159\u00edpad\u011b pot\u0159eby je mo\u017en\u00e9 na vy\u017e\u00e1d\u00e1n\u00ed zap\u016fj\u010dit d\u011btskou post\u00fdlku.<\/p>\n<p><strong>Host\u016fm jsou k\u00a0dispozici k\u00a0vyp\u016fj\u010den\u00ed:<\/strong> Stoln\u00ed hry, d\u011btsk\u00e1 vani\u010dka, d\u011btsk\u00e1 post\u00fdlka, d\u011btsk\u00e1 \u017eidli\u010dka, cestovn\u00ed post\u00fdlka, knihy a n\u011bco dal\u0161\u00edho ke \u010dten\u00ed<\/p>\n<p><strong>Venkovn\u00ed vybaven\u00ed:<\/strong> Venkovn\u00ed h\u0159i\u0161t\u011b, grill, ohni\u0161t\u011b, venkovn\u00ed n\u00e1bytek, zahradn\u00ed leh\u00e1tka<\/p>\n<p><strong>Parkov\u00e1n\u00ed na pozemku je sou\u010d\u00e1st\u00ed ubytov\u00e1n\u00ed.<\/strong><\/p>\n","protected":false},"excerpt":{"rendered":"<p>Tento apartm\u00e1n se nach\u00e1z\u00ed v pat\u0159e a je dispozi\u010dn\u011b \u0159e\u0161en jako 1+1. Lo\u017enice i kuchy\u0148 jsou dostate\u010dn\u011b velik\u00e9 a tud\u00ed\u017e je mo\u017en\u00e9 vyu\u017e\u00edt kuchy\u0148 jako druhou lo\u017enici. V lo\u017enici je prostorn\u00e1 king size postel a v kuchyni rozkl\u00e1dac\u00ed pohovka, kter\u00e1 je ur\u010dena na ka\u017edodenn\u00ed span\u00ed, tak\u017ee sp\u00e1nek na n\u00ed nebude utrpen\u00edm.<\/p>\n","protected":false},"featured_media":776,"menu_order":0,"comment_status":"open","ping_status":"closed","template":"","meta":{"_et_pb_use_builder":"","_et_pb_old_content":"","_et_gb_content_width":""},"mphb_room_type_category":[],"mphb_room_type_tag":[],"mphb_room_type_facility":[20,14,21,16,25,24,22,18,23,26,17,19],"class_list":["post-286","mphb_room_type","type-mphb_room_type","status-publish","has-post-thumbnail","hentry","mphb_room_type_facility-elektricke-venkovni-zaluzie","mphb_room_type_facility-fen-na-vlasy","mphb_room_type_facility-kavovar-a-kapsle","mphb_room_type_facility-kuchyn","mphb_room_type_facility-lednice","mphb_room_type_facility-mikrovlnna-trouba","mphb_room_type_facility-mraznicka","mphb_room_type_facility-pracka","mphb_room_type_facility-rychlovarna-konvice","mphb_room_type_facility-toustovac","mphb_room_type_facility-tv","mphb_room_type_facility-wifi","mphb-room-type-adults-4","mphb-room-type-children-3",""],"yoast_head":"<!-- This site is optimized with the Yoast SEO plugin v22.8 - https:\/\/yoast.com\/wordpress\/plugins\/seo\/ -->\n<title>Apartm\u00e1n \u010d.7 - black-hill.cz<\/title>\n<meta name=\"robots\" content=\"index, follow, max-snippet:-1, max-image-preview:large, max-video-preview:-1\" \/>\n<link rel=\"canonical\" href=\"https:\/\/www.black-hill.cz\/?mphb_room_type=apartman-c-7\" \/>\n<meta property=\"og:locale\" content=\"cs_CZ\" \/>\n<meta property=\"og:type\" content=\"article\" \/>\n<meta property=\"og:title\" content=\"Apartm\u00e1n \u010d.7 - black-hill.cz\" \/>\n<meta property=\"og:description\" content=\"Tento apartm\u00e1n se nach\u00e1z\u00ed v pat\u0159e a je dispozi\u010dn\u011b \u0159e\u0161en jako 1+1. Lo\u017enice i kuchy\u0148 jsou dostate\u010dn\u011b velik\u00e9 a tud\u00ed\u017e je mo\u017en\u00e9 vyu\u017e\u00edt kuchy\u0148 jako druhou lo\u017enici. V lo\u017enici je prostorn\u00e1 king size postel a v kuchyni rozkl\u00e1dac\u00ed pohovka, kter\u00e1 je ur\u010dena na ka\u017edodenn\u00ed span\u00ed, tak\u017ee sp\u00e1nek na n\u00ed nebude utrpen\u00edm.\" \/>\n<meta property=\"og:url\" content=\"https:\/\/www.black-hill.cz\/?mphb_room_type=apartman-c-7\" \/>\n<meta property=\"og:site_name\" content=\"black-hill.cz\" \/>\n<meta property=\"article:modified_time\" content=\"2023-06-07T12:28:40+00:00\" \/>\n<meta property=\"og:image\" content=\"http:\/\/www.black-hill.cz\/wp-content\/uploads\/2023\/06\/Apt7-web-DSC_0047.jpg\" \/>\n\t<meta property=\"og:image:width\" content=\"2000\" \/>\n\t<meta property=\"og:image:height\" content=\"1333\" \/>\n\t<meta property=\"og:image:type\" content=\"image\/jpeg\" \/>\n<meta name=\"twitter:card\" content=\"summary_large_image\" \/>\n<meta name=\"twitter:label1\" content=\"Odhadovan\u00e1 doba \u010dten\u00ed\" \/>\n\t<meta name=\"twitter:data1\" content=\"1 minuta\" \/>\n<script type=\"application\/ld+json\" class=\"yoast-schema-graph\">{\"@context\":\"https:\/\/schema.org\",\"@graph\":[{\"@type\":\"WebPage\",\"@id\":\"https:\/\/www.black-hill.cz\/?mphb_room_type=apartman-c-7\",\"url\":\"https:\/\/www.black-hill.cz\/?mphb_room_type=apartman-c-7\",\"name\":\"Apartm\u00e1n \u010d.7 - black-hill.cz\",\"isPartOf\":{\"@id\":\"https:\/\/www.black-hill.cz\/#website\"},\"primaryImageOfPage\":{\"@id\":\"https:\/\/www.black-hill.cz\/?mphb_room_type=apartman-c-7#primaryimage\"},\"image\":{\"@id\":\"https:\/\/www.black-hill.cz\/?mphb_room_type=apartman-c-7#primaryimage\"},\"thumbnailUrl\":\"https:\/\/www.black-hill.cz\/wp-content\/uploads\/2023\/06\/Apt7-web-DSC_0047.jpg\",\"datePublished\":\"2023-04-16T15:38:36+00:00\",\"dateModified\":\"2023-06-07T12:28:40+00:00\",\"breadcrumb\":{\"@id\":\"https:\/\/www.black-hill.cz\/?mphb_room_type=apartman-c-7#breadcrumb\"},\"inLanguage\":\"cs\",\"potentialAction\":[{\"@type\":\"ReadAction\",\"target\":[\"https:\/\/www.black-hill.cz\/?mphb_room_type=apartman-c-7\"]}]},{\"@type\":\"ImageObject\",\"inLanguage\":\"cs\",\"@id\":\"https:\/\/www.black-hill.cz\/?mphb_room_type=apartman-c-7#primaryimage\",\"url\":\"https:\/\/www.black-hill.cz\/wp-content\/uploads\/2023\/06\/Apt7-web-DSC_0047.jpg\",\"contentUrl\":\"https:\/\/www.black-hill.cz\/wp-content\/uploads\/2023\/06\/Apt7-web-DSC_0047.jpg\",\"width\":2000,\"height\":1333},{\"@type\":\"BreadcrumbList\",\"@id\":\"https:\/\/www.black-hill.cz\/?mphb_room_type=apartman-c-7#breadcrumb\",\"itemListElement\":[{\"@type\":\"ListItem\",\"position\":1,\"name\":\"Home\",\"item\":\"https:\/\/www.black-hill.cz\/\"},{\"@type\":\"ListItem\",\"position\":2,\"name\":\"Accommodation Types\",\"item\":\"https:\/\/www.black-hill.cz\/?post_type=mphb_room_type\"},{\"@type\":\"ListItem\",\"position\":3,\"name\":\"Apartm\u00e1n \u010d.7\"}]},{\"@type\":\"WebSite\",\"@id\":\"https:\/\/www.black-hill.cz\/#website\",\"url\":\"https:\/\/www.black-hill.cz\/\",\"name\":\"black-hill.cz\",\"description\":\"Luxusn\u00ed apartm\u00e1ny v \u010cern\u00e9m Dole v Krkono\u0161\u00edch\",\"potentialAction\":[{\"@type\":\"SearchAction\",\"target\":{\"@type\":\"EntryPoint\",\"urlTemplate\":\"https:\/\/www.black-hill.cz\/?s={search_term_string}\"},\"query-input\":\"required name=search_term_string\"}],\"inLanguage\":\"cs\"}]}<\/script>\n<!-- \/ Yoast SEO plugin. -->","yoast_head_json":{"title":"Apartm\u00e1n \u010d.7 - black-hill.cz","robots":{"index":"index","follow":"follow","max-snippet":"max-snippet:-1","max-image-preview":"max-image-preview:large","max-video-preview":"max-video-preview:-1"},"canonical":"https:\/\/www.black-hill.cz\/?mphb_room_type=apartman-c-7","og_locale":"cs_CZ","og_type":"article","og_title":"Apartm\u00e1n \u010d.7 - black-hill.cz","og_description":"Tento apartm\u00e1n se nach\u00e1z\u00ed v pat\u0159e a je dispozi\u010dn\u011b \u0159e\u0161en jako 1+1. Lo\u017enice i kuchy\u0148 jsou dostate\u010dn\u011b velik\u00e9 a tud\u00ed\u017e je mo\u017en\u00e9 vyu\u017e\u00edt kuchy\u0148 jako druhou lo\u017enici. V lo\u017enici je prostorn\u00e1 king size postel a v kuchyni rozkl\u00e1dac\u00ed pohovka, kter\u00e1 je ur\u010dena na ka\u017edodenn\u00ed span\u00ed, tak\u017ee sp\u00e1nek na n\u00ed nebude utrpen\u00edm.","og_url":"https:\/\/www.black-hill.cz\/?mphb_room_type=apartman-c-7","og_site_name":"black-hill.cz","article_modified_time":"2023-06-07T12:28:40+00:00","og_image":[{"width":2000,"height":1333,"url":"http:\/\/www.black-hill.cz\/wp-content\/uploads\/2023\/06\/Apt7-web-DSC_0047.jpg","type":"image\/jpeg"}],"twitter_card":"summary_large_image","twitter_misc":{"Odhadovan\u00e1 doba \u010dten\u00ed":"1 minuta"},"schema":{"@context":"https:\/\/schema.org","@graph":[{"@type":"WebPage","@id":"https:\/\/www.black-hill.cz\/?mphb_room_type=apartman-c-7","url":"https:\/\/www.black-hill.cz\/?mphb_room_type=apartman-c-7","name":"Apartm\u00e1n \u010d.7 - black-hill.cz","isPartOf":{"@id":"https:\/\/www.black-hill.cz\/#website"},"primaryImageOfPage":{"@id":"https:\/\/www.black-hill.cz\/?mphb_room_type=apartman-c-7#primaryimage"},"image":{"@id":"https:\/\/www.black-hill.cz\/?mphb_room_type=apartman-c-7#primaryimage"},"thumbnailUrl":"https:\/\/www.black-hill.cz\/wp-content\/uploads\/2023\/06\/Apt7-web-DSC_0047.jpg","datePublished":"2023-04-16T15:38:36+00:00","dateModified":"2023-06-07T12:28:40+00:00","breadcrumb":{"@id":"https:\/\/www.black-hill.cz\/?mphb_room_type=apartman-c-7#breadcrumb"},"inLanguage":"cs","potentialAction":[{"@type":"ReadAction","target":["https:\/\/www.black-hill.cz\/?mphb_room_type=apartman-c-7"]}]},{"@type":"ImageObject","inLanguage":"cs","@id":"https:\/\/www.black-hill.cz\/?mphb_room_type=apartman-c-7#primaryimage","url":"https:\/\/www.black-hill.cz\/wp-content\/uploads\/2023\/06\/Apt7-web-DSC_0047.jpg","contentUrl":"https:\/\/www.black-hill.cz\/wp-content\/uploads\/2023\/06\/Apt7-web-DSC_0047.jpg","width":2000,"height":1333},{"@type":"BreadcrumbList","@id":"https:\/\/www.black-hill.cz\/?mphb_room_type=apartman-c-7#breadcrumb","itemListElement":[{"@type":"ListItem","position":1,"name":"Home","item":"https:\/\/www.black-hill.cz\/"},{"@type":"ListItem","position":2,"name":"Accommodation Types","item":"https:\/\/www.black-hill.cz\/?post_type=mphb_room_type"},{"@type":"ListItem","position":3,"name":"Apartm\u00e1n \u010d.7"}]},{"@type":"WebSite","@id":"https:\/\/www.black-hill.cz\/#website","url":"https:\/\/www.black-hill.cz\/","name":"black-hill.cz","description":"Luxusn\u00ed apartm\u00e1ny v \u010cern\u00e9m Dole v Krkono\u0161\u00edch","potentialAction":[{"@type":"SearchAction","target":{"@type":"EntryPoint","urlTemplate":"https:\/\/www.black-hill.cz\/?s={search_term_string}"},"query-input":"required name=search_term_string"}],"inLanguage":"cs"}]}},"_links":{"self":[{"href":"https:\/\/www.black-hill.cz\/index.php?rest_route=\/wp\/v2\/mphb_room_type\/286","targetHints":{"allow":["GET"]}}],"collection":[{"href":"https:\/\/www.black-hill.cz\/index.php?rest_route=\/wp\/v2\/mphb_room_type"}],"about":[{"href":"https:\/\/www.black-hill.cz\/index.php?rest_route=\/wp\/v2\/types\/mphb_room_type"}],"replies":[{"embeddable":true,"href":"https:\/\/www.black-hill.cz\/index.php?rest_route=%2Fwp%2Fv2%2Fcomments&post=286"}],"wp:featuredmedia":[{"embeddable":true,"href":"https:\/\/www.black-hill.cz\/index.php?rest_route=\/wp\/v2\/media\/776"}],"wp:attachment":[{"href":"https:\/\/www.black-hill.cz\/index.php?rest_route=%2Fwp%2Fv2%2Fmedia&parent=286"}],"wp:term":[{"taxonomy":"mphb_room_type_category","embeddable":true,"href":"https:\/\/www.black-hill.cz\/index.php?rest_route=%2Fwp%2Fv2%2Fmphb_room_type_category&post=286"},{"taxonomy":"mphb_room_type_tag","embeddable":true,"href":"https:\/\/www.black-hill.cz\/index.php?rest_route=%2Fwp%2Fv2%2Fmphb_room_type_tag&post=286"},{"taxonomy":"mphb_room_type_facility","embeddable":true,"href":"https:\/\/www.black-hill.cz\/index.php?rest_route=%2Fwp%2Fv2%2Fmphb_room_type_facility&post=286"}],"curies":[{"name":"wp","href":"https:\/\/api.w.org\/{rel}","templated":true}]}}

Apartmán č.7

<p>Tento apartmán se nachází v patře a je dispozičně řešen jako 1+1. Ložnice i kuchyň jsou dostatečně veliké a tudíž je možné využít kuchyň jako druhou ložnici. V ložnici je prostorná king size postel a v kuchyni rozkládací pohovka, která je určena na každodenní spaní, takže spánek na ní nebude utrpením. Kuchyň není průchozí a může být tedy v případě potřeby oddělen.</p>
<p>Všechny naše apartmány jsou vybaveny vším, co k pohodlnému pobytu potřebujete. Poskytujeme lůžkoviny, mýdla, šampóny a fény na vlasy. V kuchyni naleznete nádobí, příbory, lednici s mrazícím boxem, mikrovlnnou troubu, rychlovarnou konvici, nespresso kávovar včetně kávy a toaster. Okna jsou vybavena elektricky stahovatelnými předokenními roletami na dálkové ovládání. V případě potřeby je možné na vyžádání zapůjčit dětskou postýlku.</p>
<p><strong>Hostům jsou k dispozici k vypůjčení:</strong> Stolní hry, dětská vanička, dětská postýlka, dětská židlička, cestovní postýlka, knihy a něco dalšího ke čtení</p>
<p><strong>Venkovní vybavení:</strong> Venkovní hřiště, grill, ohniště, venkovní nábytek, zahradní lehátka</p>
<p><strong>Parkování na pozemku je součástí ubytování.</strong></p>

<p>Tento apartmán se nachází v patře a je dispozičně řešen jako 1+1. Ložnice i kuchyň jsou dostatečně veliké a tudíž je možné využít kuchyň jako druhou ložnici. V ložnici je prostorná king size postel a v kuchyni rozkládací pohovka, která je určena na každodenní spaní, takže spánek na ní nebude utrpením.</p>

<!-- This site is optimized with the Yoast SEO plugin v22.8 - https://yoast.com/wordpress/plugins/seo/ -->
<title>Apartmán č.7 - black-hill.cz</title>
<meta name="robots" content="index, follow, max-snippet:-1, max-image-preview:large, max-video-preview:-1" />
<link rel="canonical" href="https://www.black-hill.cz/?mphb_room_type=apartman-c-7" />
<meta property="og:locale" content="cs_CZ" />
<meta property="og:type" content="article" />
<meta property="og:title" content="Apartmán č.7 - black-hill.cz" />
<meta property="og:description" content="Tento apartmán se nachází v patře a je dispozičně řešen jako 1+1. Ložnice i kuchyň jsou dostatečně veliké a tudíž je možné využít kuchyň jako druhou ložnici. V ložnici je prostorná king size postel a v kuchyni rozkládací pohovka, která je určena na každodenní spaní, takže spánek na ní nebude utrpením." />
<meta property="og:url" content="https://www.black-hill.cz/?mphb_room_type=apartman-c-7" />
<meta property="og:site_name" content="black-hill.cz" />
<meta property="article:modified_time" content="2023-06-07T12:28:40+00:00" />
<meta property="og:image" content="http://www.black-hill.cz/wp-content/uploads/2023/06/Apt7-web-DSC_0047.jpg" />
	<meta property="og:image:width" content="2000" />
	<meta property="og:image:height" content="1333" />
	<meta property="og:image:type" content="image/jpeg" />
<meta name="twitter:card" content="summary_large_image" />
<meta name="twitter:label1" content="Odhadovaná doba čtení" />
	<meta name="twitter:data1" content="1 minuta" />
<script type="application/ld+json" class="yoast-schema-graph">{"@context":"https://schema.org","@graph":[{"@type":"WebPage","@id":"https://www.black-hill.cz/?mphb_room_type=apartman-c-7","url":"https://www.black-hill.cz/?mphb_room_type=apartman-c-7","name":"Apartmán č.7 - black-hill.cz","isPartOf":{"@id":"https://www.black-hill.cz/#website"},"primaryImageOfPage":{"@id":"https://www.black-hill.cz/?mphb_room_type=apartman-c-7#primaryimage"},"image":{"@id":"https://www.black-hill.cz/?mphb_room_type=apartman-c-7#primaryimage"},"thumbnailUrl":"https://www.black-hill.cz/wp-content/uploads/2023/06/Apt7-web-DSC_0047.jpg","datePublished":"2023-04-16T15:38:36+00:00","dateModified":"2023-06-07T12:28:40+00:00","breadcrumb":{"@id":"https://www.black-hill.cz/?mphb_room_type=apartman-c-7#breadcrumb"},"inLanguage":"cs","potentialAction":[{"@type":"ReadAction","target":["https://www.black-hill.cz/?mphb_room_type=apartman-c-7"]}]},{"@type":"ImageObject","inLanguage":"cs","@id":"https://www.black-hill.cz/?mphb_room_type=apartman-c-7#primaryimage","url":"https://www.black-hill.cz/wp-content/uploads/2023/06/Apt7-web-DSC_0047.jpg","contentUrl":"https://www.black-hill.cz/wp-content/uploads/2023/06/Apt7-web-DSC_0047.jpg","width":2000,"height":1333},{"@type":"BreadcrumbList","@id":"https://www.black-hill.cz/?mphb_room_type=apartman-c-7#breadcrumb","itemListElement":[{"@type":"ListItem","position":1,"name":"Home","item":"https://www.black-hill.cz/"},{"@type":"ListItem","position":2,"name":"Accommodation Types","item":"https://www.black-hill.cz/?post_type=mphb_room_type"},{"@type":"ListItem","position":3,"name":"Apartmán č.7"}]},{"@type":"WebSite","@id":"https://www.black-hill.cz/#website","url":"https://www.black-hill.cz/","name":"black-hill.cz","description":"Luxusní apartmány v Černém Dole v Krkonoších","potentialAction":[{"@type":"SearchAction","target":{"@type":"EntryPoint","urlTemplate":"https://www.black-hill.cz/?s={search_term_string}"},"query-input":"required name=search_term_string"}],"inLanguage":"cs"}]}</script>
<!-- / Yoast SEO plugin. -->

Apartmán č.7 - black-hill.cz

Tento apartmán se nachází v patře a je dispozičně řešen jako 1+1. Ložnice i kuchyň jsou dostatečně veliké a tudíž je možné využít kuchyň jako druhou ložnici. V ložnici je prostorná king size postel a v kuchyni rozkládací pohovka, která je určena na každodenní spaní, takže spánek na ní nebude utrpením.

Luxusní apartmány v Černém Dole v Krkonoších
